210/(-40)) + (7072 - -1) is divided by 73?
70
Suppose 7*p - 2943 = -9*p - 1695. What is the remainder when 200 is divided by p?
44
Suppose 1082 = -420*b + 418*b. Let w = 617 + b. Calculate the remainder when w is divided by 5.
1
Let t be 84/(-9)*9/(-6). Suppose 47*l + t = 49*l. What is the remainder when 39 is divided by l?
4
Let g = 16714 - 16504. Calculate the remainder when 405 is divided by g.
195
Let a(g) = 98*g**3 + 19*g**2 - 32*g - 6. Calculate the remainder when a(2) is divided by 12.
10
Suppose -432*x = -197*x - 73085. What is the remainder when x is divided by 41?
24
Suppose -8*x = -5*x + 19*x - 21230. Calculate the remainder when x is divided by 163.
150
Let l(q) = 3*q**2 + 12*q. Let s be l(5). Let v be (-30)/s - (-112)/18. Calculate the remainder when 167 is divided by v/27 - 230/(-18).
11
What is the remainder when (36/(-30))/(2/(-20005)) is divided by 174?
171
Let v = -6594 - -6631. Calculate the remainder when 120 is divided by v.
9
Let t(m) = 77*m + 1319. Calculate the remainder when t(-16) is divided by 22.
21
What is the remainder when 1717660/525 + 8/30 is divided by 13?
9
Calculate the remainder when 1536 is divided by 22/(-880)*45*-8.
6
Suppose 92 = 2*f - 0*f. Suppose 4*t + 32 = -3*k - 103, -3*t + 3*k = 117. Let b = f + t. What is the remainder when 39 is divided by b?
9
Let w(v) = 4*v - 1. Calculate the remainder when 1086/10 - (-579)/(-965) is divided by w(5).
13
Let v = 650 - 474. Calculate the remainder when v is divided by 58.
2
Suppose 0 = -5*s + 5*x + 1370, -4*s = 4*x - 0*x - 1120. Let j = 378 - s. Calculate the remainder when j is divided by 6.
5
Let x be ((-8)/(-7))/((-4)/(-518)). Let f = x + -143. What is the remainder when f is divided by 4?
1
Suppose -3*i = 3*l - 96, -6*l + 66 = -4*l + i. Calculate the remainder when l is divided by (15 - 3)*((-5)/(-2) + -2).
4
Let b(i) = 61*i**2 - 16*i + 8. What is the remainder when 357 is divided by b(1)?
39
Let f = 51 - 24. Suppose -9*t + 3*c + 374 = -4*t, -t - 4*c = -61. Suppose -v = -5*m - t - 10, -154 = -2*v - 2*m. What is the remainder when v is divided by f?
24
Let q(p) = p + 7. Let g be q(5). Let b(h) = -h**3 - 28*h**2 - 75*h + 79. What is the remainder when b(-25) is divided by ((-39)/12 - -4)*g?
7
Suppose -3*v + c + 16 = 0, -3*v + 8 = -2*v + c. Let m be 40/(-200) - 162/(-10). Suppose -2*b - m = -4*b. What is the remainder when b is divided by v?
2
What is the remainder when (6/33 - 37728/110)*(-760)/304 is divided by 18?
11
Let u = 521 + -781. Let y = u + 270. Calculate the remainder when 34 is divided by y.
4
Suppose 24 = -25*i + 33*i. Let z be 2*(-57 + (-1 - 0)). Calculate the remainder when 75 is divided by z/(4 + -8) - i.
23
Let h(j) = -239*j + 1301. Calculate the remainder when h(5) is divided by 46.
14
Let p(v) = -88*v - 1. What is the remainder when p(-1) is divided by (16*9/288)/(363/120 + -3)?
7
Let y be ((-2)/4)/(3/(-66)). Let w = -3 + y. Let g = 459226 + -459188. What is the remainder when g is divided by w?
6
Let q be ((-10)/25)/(3 - (-1671)/(-555)). Suppose -4*s + 172 = -5*l + 36, 2*l = s - q. What is the remainder when 115 is divided by s?
28
Suppose 6*r + 120 = -6*r. Let q = r - -65. What is the remainder when q is divided by 16?
7
Let p(l) be the second derivative of l**5/20 + l**4/6 + l**2 - 2*l. Let k(d) = 63*d + 570. Let j be k(-9). What is the remainder when p(j) is divided by 24?
23
Suppose -4*n + 712 = 100. Let h = 286 - n. Suppose -458 = -13*z - h. Calculate the remainder when 73 is divided by z.
23
Let m be (5 + (-351)/45)*95/(-1). Suppose 48*o + m = 67*o. Suppose 0 = -5*p - 5*l + l + 326, -p = -5*l - 42. Calculate the remainder when p is divided by o.
6
What is the remainder when 2031 is divided by 6/2*2128/168?
17
Let f = -13089 - -13418. What is the remainder when f is divided by 197?
132
Suppose 0 = -140*p + 444*p - 680656. Calculate the remainder when p is divided by 27.
25
Let r(t) = t**2 - t - 16. Let z be r(9). Suppose -z = -6*h + 34. Calculate the remainder when (-354)/(-4) + 2/4 is divided by h.
14
Suppose -5*b - 210*y = -206*y - 1897, -2*y = 4*b - 1514. What is the remainder when b is divided by 14/(4/(-6) + 1)?
41
Suppose -74*n + 1655 = -176 - 389. Calculate the remainder when 197 is divided by n.
17
Suppose 0 = 8*v - 12*v + 4. Let a = v + -10. Let k(z) = -z + 7. What is the remainder when 27 is divided by k(a)?
11
Let h = -23 - -33. Suppose -5*j + 15 = -0*j. Calculate the remainder when 8*(j - 12/(-8)) is divided by h.
6
Suppose 123*b - 63*b - 7500 = -90*b. What is the remainder when 203 is divided by b?
3
Suppose -1322 = -12*o - 986. Calculate the remainder when 510 is divided by o.
6
Let x = 420 - 417. Suppose -54 = -3*s + 9*n - 8*n, -5*s + 90 = -x*n. What is the remainder when 51 is divided by s?
15
Suppose -263*o + 3*t = -258*o - 755, -o - 4*t + 174 = 0. Calculate the remainder when 1398 is divided by o.
12
Let b(z) be the first derivative of 2*z - 39*z**2 + 4 - 20 - z + 28*z**2. What is the remainder when b(-1) is divided by 6?
5
Suppose 0 = -4*y + 2*m + 80, 105*m + 98 = 4*y + 100*m. Calculate the remainder when 31 is divided by y.
14
Let s be (4 + -1)*(1 - 4). Let k(l) = l**3 + 9*l**2 + l + 10. Let i(h) = 2*h**3 + 22*h**2 - 8*h + 193. What is the remainder when k(s) is divided by i(-12)?
0
Let p = 1591 + -1584. Calculate the remainder when 146 is divided by p.
6
Let f(r) = -r**3 - 18*r**2 + 16*r - 57. Let k be f(-19). Suppose -11*q + 283 + 124 = k. Calculate the remainder when 211 is divided by q.
26
Let n = -46 + 58. Let h be (-84)/(-8) - (3 - 36/8). Calculate the remainder when (-3)/(h/208*-2) is divided by n.
2
Let h(l) = l + 35. Let q be 2 + -1 - (-7 - (-6 + -6)). What is the remainder when 555 is divided by h(q)?
28
Let u = 430 - 437. Let j(b) = -b**2 - 26*b - 113. What is the remainder when 56 is divided by j(u)?
16
Let c = -41 + 100. Let k = c + -56. Suppose -4 - 2 = -k*b. What is the remainder when 2 is divided by b?
0
Suppose -11*a + 13*a - 538 = 0. What is the remainder when a is divided by -3 - 1 - (-13 + -59)?
65
Let r = -12562 - -13681. Calculate the remainder when r is divided by 317.
168
Suppose 47 = 3*d - 2*o, o = -d + 25 - 11. Let q = 5 + -3. What is the remainder when d is divided by q?
1
Let d(y) be the first derivative of y**3/3 - 3*y**2/2 - 4*y + 15. Let s be d(-2). Suppose -s*b + 215 = -b. What is the remainder when b is divided by 23?
20
Suppose 1330*m - 1317*m = 3380. Calculate the remainder when m is divided by 90.
80
Suppose -67 = -4*t - 7. Let d(o) = -o**2 + 19*o. Let y(p) = 17*p - 227. What is the remainder when d(t) is divided by y(14)?
5
Suppose 2*q - 225 = -q. Suppose -12*g = -23*g + 55. Suppose -2*w = -4*o + 82, 44 + 59 = g*o - 3*w. What is the remainder when q is divided by o?
15
Let i = -3660 + 3673. Let s = -37 - -82. What is the remainder when s is divided by i?
6
Suppose 0 = -8*s + 80 - 16. Suppose 10*l = s*l + 22. Suppose a = -2 + l. Calculate the remainder when 17 is divided by a.
8
Let c be (-4)/(-12) + (-7)/3 - -2. Suppose c = 5*x - 8 - 37. Suppose -x*y - 19 = -262. What is the remainder when y is divided by 7?
6
Let x(u) = u**3 + u**2 + u + 1. Let m(o) = -5*o**3 + 36*o**2 + 20*o - 35. Let s(v) = m(v) + 3*x(v). Calculate the remainder when s(20) is divided by 15.
13
Suppose 6*m - 11*m = 165. Let x = m - -35. What is the remainder when 42 is divided by 132/x*(-7)/(-21)?
20
Suppose p = 2*y - 1304 - 1265, -5*p = 5*y - 6445. What is the remainder when y is divided by 86?
82
Suppose 2*x - 153 = 2*r - 193, -x - 2 = 0. Calculate the remainder when 138 is divided by r.
12
Suppose 0 = -n + 2 - 0. Suppose -5*l = 3*s + 20, -s - 2*l - 6 = n. Suppose s = -7*d + d + 522. What is the remainder when d is divided by 30?
27
Suppose 5*f - f + 30 = q, -q - 5*f + 3 = 0. Let i(t) = -t + 19. Let u be i(4). Let k = q + u. Calculate the remainder when 63 is divided by k.
30
Suppose 0 = 3*a + 467*v - 465*v - 212, -2*v + 284 = 4*a. What is the remainder when 4449 is divided by a?
57
Let c(u) = -u + 27. Let v be c(13). Let d(g) = -g**3 + 13*g**2 + 28*g + 19. Calculate the remainder when d(v) is divided by 31.
29
Suppose -q - 7 + 2 = 0. Let d(c) = -c**3 - 5*c**2 + 5. Let o be d(q). Suppose -8*v + o*v = -12. Calculate the remainder when 13 is divided by v.
1
Let s = -520 + 317. Calculate the remainder when 7